 the remainder when 362274 is divided by 36226.
14
Calculate the remainder when 666104 is divided by 7746.
7694
Calculate the remainder when 20623 is divided by 20594.
29
Calculate the remainder when 147068 is divided by 15929.
3707
What is the remainder when 2627280 is divided by 123?
0
Calculate the remainder when 92582 is divided by 142.
140
Calculate the remainder when 53465801 is divided by 222.
209
What is the remainder when 5244273 is divided by 896?
881
What is the remainder when 737669 is divided by 36?
29
Calculate the remainder when 3245032 is divided by 263.
138
What is the remainder when 1052536 is divided by 2547?
625
What is the remainder when 41923 is divided by 325?
323
Calculate the remainder when 1533114 is divided by 1032.
594
What is the remainder when 134783 is divided by 67383?
17
Calculate the remainder when 35153819 is divided by 390.
389
Calculate the remainder when 892716 is divided by 34.
12
What is the remainder when 2422505 is divided by 5?
0
Calculate the remainder when 29579 is divided by 89.
31
What is the remainder when 3168414 is divided by 30?
24
Calculate the remainder when 4026364 is divided by 36.
16
Calculate the remainder when 130561 is divided by 55.
46
What is the remainder when 3648 is divided by 1749?
150
Calculate the remainder when 61254750 is divided by 104.
102
Calculate the remainder when 2040056 is divided by 21.
11
What is the remainder when 59178 is divided by 3468?
222
What is the remainder when 3477965 is divided by 73996?
153
What is the remainder when 7530052 is divided by 1230?
1222
What is the remainder when 17036 is divided by 5535?
431
Calculate the remainder when 2600531 is divided by 126.
17
What is the remainder when 1317725 is divided by 4306?
89
Calculate the remainder when 154865 is divided by 280.
25
What is the remainder when 748883 is divided by 46?
3
Calculate the remainder when 28592925 is divided by 273.
270
What is the remainder when 880580 is divided by 19134?
416
Calculate the remainder when 3114082 is divided by 21329.
48
What is the remainder when 196780725 is divided by 13?
11
Calculate the remainder when 4423472 is divided by 282.
20
Calculate the remainder when 8549246 is divided by 854920.
46
What is the remainder when 134989 is divided by 4089?
52
Calculate the remainder when 7444 is divided by 1214.
160
What is the remainder when 530703 is divided by 8292?
15
What is the remainder when 36336203 is divided by 236?
227
Calculate the remainder when 308271 is divided by 3806.
3791
Calculate the remainder when 46937810 is divided by 11734450.
10
What is the remainder when 44482270 is divided by 33?
19
Calculate the remainder when 292673 is divided by 97166.
1175
What is the remainder when 27602 is divided by 11681?
4240
Calculate the remainder when 138655 is divided by 854.
307
What is the remainder when 26600764 is divided by 1521?
1516
Calculate the remainder when 764880573 is divided by 173.
171
What is the remainder when 401668 is divided by 5429?
5351
What is the remainder when 7854021 is divided by 1309003?
3
What is the remainder when 19244685 is divided by 1480357?
44
Calculate the remainder when 9608498 is divided by 273.
263
What is the remainder when 185610069 is divided by 87?
6
Calculate the remainder when 2512171 is divided by 19.
10
Calculate the remainder when 1132820 is divided by 283142.
252
Calculate the remainder when 16149135 is divided by 737.
728
What is the remainder when 2733118 is divided by 184?
166
What is the remainder when 1139399 is divided by 8197?
16
Calculate the remainder when 733129116 is divided by 10279.
10278
What is the remainder when 630836 is divided by 280?
276
Calculate the remainder when 159206925 is divided by 152.
149
Calculate the remainder when 12941190 is divided by 29.
27
What is the remainder when 22439 is divided by 16599?
5840
What is the remainder when 7638341 is divided by 53791?
19
What is the remainder when 36751 is divided by 5441?
4105
What is the remainder when 343503 is divided by 86?
19
What is the remainder when 17878056 is divided by 17878048?
8
What is the remainder when 818844 is divided by 627?
609
What is the remainder when 504365 is divided by 1428?
281
What is the remainder when 83278 is divided by 1461?
1
Calculate the remainder when 682551397 is divided by 411.
409
What is the remainder when 64011 is divided by 63771?
240
What is the remainder when 136897 is divided by 12?
1
What is the remainder when 134779 is divided by 20?
19
What is the remainder when 3184801827 is divided by 6994?
6993
What is the remainder when 76826849 is divided by 118?
117
Calculate the remainder when 8168411 is divided by 4719.
4541
What is the remainder when 197034399 is divided by 1511?
1510
Calculate the remainder when 51348 is divided by 6224.
1556
Calculate the remainder when 5419212 is divided by 656.
652
What is the remainder when 1636899 is divided by 475?
49
Calculate the remainder when 14183580 is divided by 29.
28
Calculate the remainder when 245400587 is divided by 177.
176
What is the remainder when 34048530 is divided by 931?
929
Calculate the remainder when 1182804 is divided by 3743.
16
Calculate the remainder when 303627 is divided by 490.
317
What is the remainder when 2284831 is divided by 8?
7
Calculate the remainder when 19693938 is divided by 292.
290
What is the remainder when 8460911 is divided by 41?
28
What is the remainder when 1520927 is divided by 569?
559
What is the remainder when 108151164 is divided by 16?
12
What is the remainder when 1686617 is divided by 899?
93
Calculate the remainder when 22772863 is divided by 7590908.
139
Calculate the remainder when 57926270 is divided by 3239.
3233
What is the remainder when 127093 is divided by 42126?
715
What is the remainder when 31551455 is divided by 1159?
1157
Calculate the remainder when 42823 is divided by 42817.
6
What is the remainder when 469616 is divided by 141?
86
What is the remainder when 53443 is divided by 24526?
4391
What is the remainder when 3451642 is divided by 49?
33
What is the remainder when 442382296 is divided by 49153587?
13
Calculate the remainder when 81352299 is divided by 2350.
2349
Calculate the remainder when 541448 is divided by 12026.
278
What is the remainder when 13024 is divided by 4327?
43
Calculate the remainder when 71518317 is divided by 7946478.
15
What is the remainder when 1548637 is divided by 774302?
33
Calculate the remainder when 1048 is divided by 740.
308
What is the remainder when 20829070 is divided by 20?
10
Calculate the remainder when 697233 is divided by 17867.
420
Calculate the remainder when 18090 is divided by 1128.
42
What is the remainder when 168637 is divided by 803?
7
What is the remainder when 17316896 is divided by 373?
371
What is the remainder when 5657090 is divided by 2828404?
282
Calculate the remainder when 265750 is divided by 44289.
16
Calculate the remainder when 249731763 is divided by 4157.
4145
Calculate the remainder when 21018088 is divided by 11.
3
Calculate the remainder when 1734196 is divided by 91.
9
What is the remainder when 23576 is divided by 1148?
616
What is the remainder when 486063 is divided by 12435?
1098
Calculate the remainder when 152646 is divided by 76088.
470
What is the remainder when 3024393 is divided by 69?
54
Calculate the remainder when 25909 is divided by 1396.
781
Calculate the remainder when 1521626 is divided by 1595.
1591
What is the remainder when 17894 is divided by 5605?
1079
What is the remainder when 2440003 is divided by 2891?
2890
What is the remainder when 2669698 is divided by 296630?
28
What is the remainder when 165403 is divided by 55?
18
What is the remainder when 1833685 is divided by 2042?
2011
Calculate the remainder when 528814306 is divided by 10362.
10360
What is the remainder when 15188095 is divided by 644?
643
Calculate the remainder when 3043608 is divided by 276690.
18
Calculate the remainder when 87658 is divided by 2740.
2718
What is the remainder when 25589821 is divided by 7144?
13
Calculate the remainder when 12705627 is divided by 397048.
91
Calculate the remainder when 808931 is divided by 443.
13
Calculate the remainder when 5038506 is divided by 45.
36
What is the remainder when 177556 is divi